atest common factor of 4 and h.
1
Let f be (-2241)/1245 - 259/(-5). Suppose 4*t + t - 115 = 0. Suppose 4*x - t = -2*s + 33, -4*s + 92 = 3*x. Calculate the highest common factor of f and s.
10
Let m(l) = l**2 + 10*l - 880. Let i be m(-36). What is the greatest common divisor of 329 and i?
7
Let c = -1535 - -3121. Suppose 0 = 19*w - 1074 - c. What is the highest common divisor of 14 and w?
14
Suppose -4*n = -121 - 15. Suppose 70*y + 5*m = 68*y + 1078, m - 1086 = -2*y. What is the greatest common divisor of n and y?
34
Let u be ((-441)/(-12))/((-18)/(-216)). What is the highest common factor of u and 343?
49
Let p = -2935 - -11808. What is the greatest common divisor of 19 and p?
19
Let s be (-20)/(-6)*13/(130/315). Let d = s + -109. Let u(q) = -15*q - 18. Let w be u(d). What is the highest common divisor of w and 462?
42
Let q = 74 - 74. Suppose y - b = -q*b - 1, 3*b = 12. Let s = -137 - -139. Calculate the highest common divisor of s and y.
1
Let h be 18/(-5)*(-40)/6*(-360)/(-480). What is the highest common factor of 4338 and h?
18
Let c(d) = 162*d**2 + 267*d + 2. Let t be c(-2). Calculate the greatest common factor of 13282 and t.
58
Suppose 2*j - 5*x = 246, -4*j = -129*x + 125*x - 516. Calculate the highest common factor of j and 2603.
19
Let s(h) = 19*h - 259. Let n be s(15). What is the greatest common factor of n and 32?
2
Suppose 1 = 9*m + 19. Let i(h) = 10*h**2 + 4*h. Let w be i(m). Suppose 4*j = -2*c + 8, -3*c - j + 3 = -4*j. What is the highest common divisor of w and c?
2
Suppose 3*a = -j + 8, -7*j + 5*j + 8 = 2*a. Let l(x) = 2*x**3 - 2*x**2 + 6*x - 7. Let t be l(j). Calculate the highest common factor of 13 and t.
13
Let u be ((-15)/(-4))/((-2)/(-40)). Let y = -155 - -140. Let d = 30 + y. What is the greatest common factor of d and u?
15
Let t(r) = 37*r + 13 + 15 - 43 + 12. Let s be t(-1). Let w be ((-8)/(-3))/(s/(-420)). Calculate the highest common divisor of w and 4.
4
Let t(s) = 180*s - 17. Let r be t(4). Calculate the greatest common divisor of 57 and r.
19
Let i(v) = 3*v**2 + 17. Let q be i(-13). Suppose 4*l - q + 188 = 0. Suppose -l = -4*g + 588. Calculate the highest common factor of g and 42.
42
Let d = 38 - 34. Suppose 10 = 4*o - 4*t + 3*t, d*t = 2*o - 12. Let b be ((-50)/75)/(o/(-54)). Calculate the greatest common factor of 162 and b.
18
Suppose -467*h - 6 = -469*h. Let x be 426 + h + 15/((-3)/1). Calculate the highest common factor of x and 53.
53
Let s = -116 - -115. Let c = 23 - s. What is the highest common factor of c and 384?
24
Let x(l) = 2*l**3 - l**2 + 11*l + 3. Let s be x(0). Suppose s*a + 4*t - 9*t = 43, 5*a - 83 = -3*t. What is the highest common divisor of 464 and a?
16
Suppose -41 = -5*i - z, 4*i - 35 = -7*z + 4*z. Let n be (2 + -7)*(i - 10). Calculate the highest common factor of 270 and n.
10
Let v(l) = -l**3 + 36*l**2 + 44*l + 1371. Let t be v(38). Calculate the highest common factor of t and 5549.
31
Suppose -156*a + 244577 = 15*a - 53647. Calculate the greatest common factor of a and 327.
109
Suppose 60*k - 57*k - 2826 = p, -3*k + 3*p + 2826 = 0. What is the greatest common factor of 48 and k?
6
Let h be 3 + -1 - (20 + -16) - -135. Suppose -3*i + l = -91, -21*i = -25*i - l + h. Suppose 0*d = -2*d + 576. Calculate the highest common divisor of i and d.
32
Let j = -1182 - -790. Let c = -270 - j. Suppose p - 4 = c. What is the highest common divisor of 14 and p?
14
Let a be ((-40)/2)/(-22 - 733004/(-33321)). What is the greatest common divisor of 60 and a?
30
Let r = -717 + 923. Suppose -r = -26*h + 106. What is the highest common factor of h and 156?
12
Let d(a) = -a + 76. Let v(k) = k - 37. Let q(p) = -4*d(p) - 9*v(p). Let b be q(3). Let y = 10 - 6. Calculate the highest common factor of b and y.
2
Let o be (0 + 8/20)/(6/1323)*15. What is the highest common divisor of 49 and o?
49
Suppose 161 = 3*i - 0*l + l, l = -4. Calculate the highest common divisor of i and 215.
5
Let c(t) = -t**3 + 2*t**2 + t + 1. Let i be c(3). Let v be 85/17 + (i - -1). Suppose -g + v + 6 = 0. Calculate the greatest common divisor of 1 and g.
1
Let f = -2575 - -2610. Calculate the highest common divisor of f and 329.
7
Suppose -2*w + 7*w + b - 17 = 0, 2*b + 26 = 5*w. What is the greatest common factor of w and 9?
1
Suppose 3*c - m = 182, 652*m = 654*m + 16. Calculate the highest common factor of c and 1856.
58
Let c(w) = w**2 + 26*w + 121. Let d be c(-22). What is the highest common factor of 27 and d?
3
Suppose 752 - 3517 = -5*x. Let w be -2 - (-9 + 19 - 91). Calculate the highest common divisor of x and w.
79
Let t = -12 + 40. Let a = -63 + 133. Let w be ((-6)/(-5))/(2/a). What is the greatest common factor of w and t?
14
Let b = -397 + 701. What is the greatest common divisor of b and 136?
8
Let f(r) = 208*r + 33. Suppose 5*b = -5, 4*b = 2*i + 3*i - 19. Let d be f(i). Calculate the highest common divisor of d and 73.
73
Let q be (105/(-14) - -6)/((-3)/64). Let c(n) = 8*n + 199. Let f be c(0). Suppose q = 3*t - f. Calculate the highest common factor of t and 11.
11
Let y(j) = 6*j**2 - 148*j - 295. Let h be y(-2). What is the highest common factor of 7325 and h?
25
Let t(y) be the first derivative of y**4/4 - 4*y**3/3 - 13*y**2/2 - 2*y + 19. Let s be t(7). Calculate the greatest common divisor of s and 12.
6
Let s(t) = -564*t - 279. Let l be s(-3). What is the highest common divisor of l and 9?
9
Suppose 2*u = -4*w + 18, -2*u = 2*w + 3*w - 22. Suppose -2 - 2 = w*d. Let l be d + (72 - (-2)/2). Calculate the greatest common factor of l and 18.
18
Let j = 778 + -900. Let d be j/(-8) + 72/96. What is the greatest common factor of 80 and d?
16
Let c be (-12)/(-14) - 49/(6860/(-33480)). Calculate the greatest common factor of 432 and c.
48
Let u be ((7 - 2) + (-11 - -5))*(-1773 - -2). What is the highest common factor of u and 14?
7
Suppose -1576 = -2*r + 2*l, 4*r + 0*l = -4*l + 3176. Let c = r - 140. What is the highest common factor of c and 31?
31
Let x be (6/(-5))/((-10)/25). Suppose x*z - 12 = -0. Suppose -396 = 3*t - z*t. Calculate the highest common factor of 36 and t.
36
Let m(v) = -v - 14. Let d be m(-5). Let a be 162 + (1/(-1))/((-9)/d). What is the highest common divisor of 7 and a?
7
Let s(d) = -d - 6*d**2 - d**3 - 4*d - 59 + 67. Let i be s(-5). Let c(x) = 3*x**2 - 11*x - 2. Let u be c(6). What is the greatest common factor of i and u?
8
Let f(l) be the second derivative of -2*l**3 + 2*l**2 - 48*l. Let d be f(-2). Suppose 6*a - a - 210 = 0. What is the greatest common factor of a and d?
14
Suppose 0 = 4*l - 4*c - 14 - 42, 3*c = 5*l - 68. What is the highest common divisor of l and 44629?
13
Let d = 14638 - 14634. Calculate the greatest common divisor of 278 and d.
2
Suppose -110*l - 81 = -112*l + y, -5*l = -3*y - 202. Calculate the highest common factor of 6478 and l.
41
Suppose 251*i - 42*i - 27042 - 16430 = 0. Let q(o) = 18*o**2 + 2*o. Let s be q(-1). Calculate the highest common factor of s and i.
16
Suppose 3*i = -5*y + 26 + 189, -i = -5*y - 65. Calculate the highest common divisor of i and 170.
10
Let r be 11/(77/49) - -9. Suppose 196 = 7*f - 252. Calculate the highest common divisor of r and f.
16
Suppose c = -19 - 7. Let t = 125 + c. Calculate the highest common divisor of t and 11.
11
Let d(o) = 116*o**2 - 232*o + 1573. Let z be d(7). What is the highest common divisor of 655 and z?
131
Let o = 37054 + -30187. What is the highest common divisor of 252 and o?
63
Let b(k) be the third derivative of -k**5/60 - 5*k**4/24 - k**3/2 - 2*k**2 - 49. Let s be b(-3). What is the highest common divisor of 114 and s?
3
Suppose o - 62 - 76 = 0. Let r = o + -89. Let t be (-4)/14 + 1778/r. Calculate the highest common divisor of 9 and t.
9
Suppose -5998*v + 3609 + 4096 = -5975*v. Let w(j) = -2*j - 13. Let c be w(-9). Calculate the greatest common factor of v and c.
5
Suppose 0 = -3*i - 3 - 3, -5*i = -2*k + 560. Suppose -4*p + 5*p = -5*j + k, j - 3*p = 39. What is the greatest common factor of 6 and j?
6
Suppose 0 = 5*s - 3*d - 27420, -2679*s + 2674*s = d - 27400. What is the greatest common divisor of s and 2233?
203
Suppose v + a - 66 = -2*v, -5*v = -5*a - 110. Let x = v - 21. Suppose -w + x - 4 = 0, 60 = 4*t + 4*w. Calculate the greatest common divisor of 126 and t.
18
Let t(i) = 26*i + 167. Let y(l) = -9*l - 55. Let f(n) 